{"id":410,"date":"2024-02-28T13:17:30","date_gmt":"2024-02-28T12:17:30","guid":{"rendered":"https:\/\/musikochteaterbiblioteket.se\/?page_id=410"},"modified":"2024-11-04T09:44:51","modified_gmt":"2024-11-04T08:44:51","slug":"musikki-ja-teatterikirjastosta-musik-och-teaterbiblioteket","status":"publish","type":"page","link":"https:\/\/musikochteaterbiblioteket.se\/fit\/","title":{"rendered":"Musikki- ja teatterikirjastosta \/ Musik- och teaterbiblioteket"},"content":{"rendered":"\n\n<div class=\"w-constrained richtext\"><external-link-icon>\n<h2 class=\"wp-block-heading\">Auki kaikile<\/h2>\n<\/external-link-icon><\/div>\n\n<div class=\"w-constrained richtext\"><external-link-icon>\n<p>Musikki- ja teatterikirjasto oon auki kaikile. Me\u00e4n lainaajitten seurassa oon niin privattihenkil\u00f6it\u00e4, kulttuurinteki\u00f6it\u00e4 ko opettajia, opiskelioita ja tutkioita.<\/p>\n<\/external-link-icon><\/div>\n\n<div class=\"w-constrained richtext\"><external-link-icon>\n<p>T\u00e4\u00e4l\u00e4 oon kauhean paljon lainaamista aihneissa musikki, teatteri ja tansi. Meil\u00e4 oon kansa suuri kokoelma ynikki\u00e4 ja histuurista materiaalia. Met jokka olem\u00e4 t\u00f6iss\u00e4 kirjastossa autama sinua mielelh\u00e4\u00e4ns l\u00f6yth\u00e4\u00e4n mit\u00e4 sie haet.&nbsp;<\/p>\n<\/external-link-icon><\/div>\n\n<div class=\"w-constrained richtext\"><external-link-icon>\n<h2 class=\"wp-block-heading\">Lainaa ja laajaa alle koko maassa<\/h2>\n<\/external-link-icon><\/div>\n\n<div class=\"w-constrained richtext\"><external-link-icon>\n<p>Lainakortti meil\u00e4 antaa sulle saatavuuen sathointuhanshiin kirhjoin ja nuothiin, rapehaan 40&nbsp;000 pj\u00e4\u00e4simaanykshiin, sathoin avishiin ja usseishiin musikki- ja teatteritaattapaashiin.<\/p>\n<\/external-link-icon><\/div>\n\n<div class=\"w-constrained richtext\"><external-link-icon>\n<p>Sie saatat lainata meilt\u00e4 miss\u00e4 sie vain olet Ruottissa sinun paikalisen kirjaston kautta. Lue liss\u00e4\u00e4 kaukolainaamisesta. (L\u00c4NK).<\/p>\n<\/external-link-icon><\/div>\n\n<div class=\"w-constrained richtext\"><external-link-icon>\n<p>T\u00e4\u00e4l\u00e4 webil\u00e4 sie saatat laajata alle tikitaalia nuottia (L\u00c4NK) kirjaston kokoelmista ja kirjottaa ulos kotona. Sie saatat kansa k\u00e4ytt\u00e4\u00e4 tikitaliseeratuita valokuvia me\u00e4n kokoelmasta ja vissi\u00e4 arkiivimateriaalia (L\u00c4NK).<\/p>\n<\/external-link-icon><\/div>\n\n<div class=\"w-constrained richtext\"><external-link-icon>\n<h2 class=\"wp-block-heading\">K\u00e4y meil\u00e4 Stokholmissa &nbsp;<\/h2>\n<\/external-link-icon><\/div>\n\n<div class=\"w-constrained richtext\"><external-link-icon>\n<p>Musikki- ja teatterikirjasto oon osotheela <a href=\"https:\/\/www.google.com\/maps\/place\/Musik-+och+teaterbiblioteket\/@59.3401868,18.1109253,17z\/data=!3m1!4b1!4m6!3m5!1s0x465f9d7b4f43ea93:0xbc61e8ed6c49ac9c!8m2!3d59.3401868!4d18.1135002!16s%2Fg%2F11dyj3z3q?entry=ttu&amp;g_ep=EgoyMDI0MTAyOS4wIKXMDSoASAFQAw%3D%3D\">Tegeluddsv\u00e4gen 100 Stokholmissa<\/a>. T\u00e4\u00e4l\u00e4 sie saatat saaja apua hakheen nuottia, kirjalisuutta, sis\u00e4lepellauksia ja arkiivimateriaalia. Sie saatat kansa kopieerata elikk\u00e4 skannata materiaalia ommaa k\u00e4ytt\u00f6\u00e4 varten.<\/p>\n<\/external-link-icon><\/div>\n\n<div class=\"w-constrained richtext\"><external-link-icon>\n<p>Kirjastossa oon lukuhuone, varattavia ryhm\u00e4huohneita ja huohneita joissako sie saatat kuunella musikkia, kattoa filmi\u00e4 elikk\u00e4 pelata keyboardia. Meil\u00e4 oon ilhmainen wifi.<\/p>\n<\/external-link-icon><\/div>\n\n<div class=\"w-constrained richtext\"><external-link-icon>\n<h2 class=\"wp-block-heading\">Ynikki ja histuurinen materiaali<\/h2>\n<\/external-link-icon><\/div>\n\n<div class=\"w-constrained richtext\"><external-link-icon>\n<p>Kirjaston arkiivissa ja kokoelmissa oon materiaalia henkil\u00f6itten, f\u00f6reninkitten ja institysuunitten j\u00e4lkhiin jokka oon toiminheet seenitaitealuheela. T\u00e4\u00e4l\u00e4 sie saatat muun muassa l\u00f6yt\u00e4\u00e4 preivi\u00e4, k\u00e4sikirjotettuja nuottia ja manyskripti\u00e4, ensinki 1500-1800-luvuilta. Vanhiin k\u00e4sikirjotus oon viikattu plaavi jossako oon kirkkomusikkia suunile vuelta 1150. Kirjastolla oon kansa suuri kokoelma valokuvia.<\/p>\n<\/external-link-icon><\/div>\n\n<div class=\"w-constrained richtext\"><external-link-icon>\n<p>Osan materiaalista l\u00f6yt\u00e4\u00e4 tikitaliseerattuna ja haettavanna me\u00e4n taattapaasissa (L\u00c4NK). Ota mielelh\u00e4\u00e4ns me\u00e4n kansa yhtheytt\u00e4 (L\u00c4NK) ette saaja apua ette hakea kokoelmista ja ette saaja saatavuuen materiaahliin.<\/p>\n<\/external-link-icon><\/div>\n\n<div class=\"w-constrained richtext\"><external-link-icon>\n<h2 class=\"wp-block-heading\">Kirjaston histuuria<\/h2>\n<\/external-link-icon><\/div>\n\n<div class=\"w-constrained richtext\"><external-link-icon>\n<p>Me\u00e4n histuuria ulttuu yli 250 vuotta taap\u00e4in. Alusta kirjasto oli osa Kuninkhaalisesta Musikaalisesta Akatemiista joka perustethiin vuona 1771. Vuona 1849 kirjasto aukasthiin ylheis\u00f6lle.<\/p>\n<\/external-link-icon><\/div>\n\n<div class=\"w-constrained richtext\"><external-link-icon>\n<p>T\u00e4n\u00e4p\u00e4iv\u00e4n\u00e4 kirjastossa oon koko seenitaitealue ja se kuuluu virasthoon <a href=\"https:\/\/statensmusikverk.se\/fit\/\">Valtion musikkilaitos\/Statens musikverk<\/a>. <\/p>\n<\/external-link-icon><\/div>","protected":false},"excerpt":{"rendered":"<p>Auki kaikile Musikki- ja teatterikirjasto oon auki kaikile. Me\u00e4n lainaajitten seurassa oon niin privattihenkil\u00f6it\u00e4, kulttuurinteki\u00f6it\u00e4 ko opettajia, opiskelioita ja tutkioita. T\u00e4\u00e4l\u00e4 oon kauhean paljon lainaamista aihneissa musikki, teatteri ja tansi. Meil\u00e4 oon kansa suuri kokoelma ynikki\u00e4 ja histuurista materiaalia. Met jokka olem\u00e4 t\u00f6iss\u00e4 kirjastossa autama sinua mielelh\u00e4\u00e4ns l\u00f6yth\u00e4\u00e4n mit\u00e4 sie haet.&nbsp; Lainaa ja laajaa alle [&hellip;]<\/p>\n","protected":false},"author":2,"featured_media":0,"parent":0,"menu_order":-100,"comment_status":"closed","ping_status":"open","template":"","meta":{"_acf_changed":false,"footnotes":""},"class_list":["post-410","page","type-page","status-publish","hentry"],"acf":[],"yoast_head":"<!-- This site is optimized with the Yoast SEO plugin v25.8 - https:\/\/yoast.com\/wordpress\/plugins\/seo\/ -->\n<title>Musikki- ja teatterikirjastosta \/ Musik- och teaterbiblioteket - Musik- och Teaterbiblioteket<\/title>\n<meta name=\"robots\" content=\"index, follow, max-snippet:-1, max-image-preview:large, max-video-preview:-1\" \/>\n<link rel=\"canonical\" href=\"https:\/\/musikochteaterbiblioteket.se\/\" \/>\n<meta property=\"og:locale\" content=\"fi_FI\" \/>\n<meta property=\"og:type\" content=\"article\" \/>\n<meta property=\"og:title\" content=\"Musikki- ja teatterikirjastosta \/ Musik- och teaterbiblioteket - Musik- och Teaterbiblioteket\" \/>\n<meta property=\"og:description\" content=\"Auki kaikile Musikki- ja teatterikirjasto oon auki kaikile. Me\u00e4n lainaajitten seurassa oon niin privattihenkil\u00f6it\u00e4, kulttuurinteki\u00f6it\u00e4 ko opettajia, opiskelioita ja tutkioita. T\u00e4\u00e4l\u00e4 oon kauhean paljon lainaamista aihneissa musikki, teatteri ja tansi. Meil\u00e4 oon kansa suuri kokoelma ynikki\u00e4 ja histuurista materiaalia. Met jokka olem\u00e4 t\u00f6iss\u00e4 kirjastossa autama sinua mielelh\u00e4\u00e4ns l\u00f6yth\u00e4\u00e4n mit\u00e4 sie haet.&nbsp; Lainaa ja laajaa alle [&hellip;]\" \/>\n<meta property=\"og:url\" content=\"https:\/\/musikochteaterbiblioteket.se\/\" \/>\n<meta property=\"og:site_name\" content=\"Musik- och Teaterbiblioteket\" \/>\n<meta property=\"article:modified_time\" content=\"2024-11-04T08:44:51+00:00\" \/>\n<meta name=\"twitter:card\" content=\"summary_large_image\" \/>\n<meta name=\"twitter:label1\" content=\"Est. reading time\" \/>\n\t<meta name=\"twitter:data1\" content=\"2 minutes\" \/>\n<script type=\"application\/ld+json\" class=\"yoast-schema-graph\">{\"@context\":\"https:\/\/schema.org\",\"@graph\":[{\"@type\":\"WebPage\",\"@id\":\"https:\/\/musikochteaterbiblioteket.se\/\",\"url\":\"https:\/\/musikochteaterbiblioteket.se\/\",\"name\":\"Musikki- ja teatterikirjastosta \/ Musik- och teaterbiblioteket - Musik- och Teaterbiblioteket\",\"isPartOf\":{\"@id\":\"https:\/\/musikochteaterbiblioteket.se\/#website\"},\"datePublished\":\"2024-02-28T12:17:30+00:00\",\"dateModified\":\"2024-11-04T08:44:51+00:00\",\"breadcrumb\":{\"@id\":\"https:\/\/musikochteaterbiblioteket.se\/#breadcrumb\"},\"inLanguage\":\"fit\",\"potentialAction\":[{\"@type\":\"ReadAction\",\"target\":[\"https:\/\/musikochteaterbiblioteket.se\/\"]}]},{\"@type\":\"BreadcrumbList\",\"@id\":\"https:\/\/musikochteaterbiblioteket.se\/#breadcrumb\",\"itemListElement\":[{\"@type\":\"ListItem\",\"position\":1,\"name\":\"Home\",\"item\":\"https:\/\/musikochteaterbiblioteket.se\/\"},{\"@type\":\"ListItem\",\"position\":2,\"name\":\"Musikki- ja teatterikirjastosta \/ Musik- och teaterbiblioteket\"}]},{\"@type\":\"WebSite\",\"@id\":\"https:\/\/musikochteaterbiblioteket.se\/#website\",\"url\":\"https:\/\/musikochteaterbiblioteket.se\/\",\"name\":\"Musik- och Teaterbiblioteket\",\"description\":\"\",\"potentialAction\":[{\"@type\":\"SearchAction\",\"target\":{\"@type\":\"EntryPoint\",\"urlTemplate\":\"https:\/\/musikochteaterbiblioteket.se\/?s={search_term_string}\"},\"query-input\":{\"@type\":\"PropertyValueSpecification\",\"valueRequired\":true,\"valueName\":\"search_term_string\"}}],\"inLanguage\":\"fit\"}]}<\/script>\n<!-- \/ Yoast SEO plugin. -->","yoast_head_json":{"title":"Musikki- ja teatterikirjastosta \/ Musik- och teaterbiblioteket - Musik- och Teaterbiblioteket","robots":{"index":"index","follow":"follow","max-snippet":"max-snippet:-1","max-image-preview":"max-image-preview:large","max-video-preview":"max-video-preview:-1"},"canonical":"https:\/\/musikochteaterbiblioteket.se\/","og_locale":"fi_FI","og_type":"article","og_title":"Musikki- ja teatterikirjastosta \/ Musik- och teaterbiblioteket - Musik- och Teaterbiblioteket","og_description":"Auki kaikile Musikki- ja teatterikirjasto oon auki kaikile. Me\u00e4n lainaajitten seurassa oon niin privattihenkil\u00f6it\u00e4, kulttuurinteki\u00f6it\u00e4 ko opettajia, opiskelioita ja tutkioita. T\u00e4\u00e4l\u00e4 oon kauhean paljon lainaamista aihneissa musikki, teatteri ja tansi. Meil\u00e4 oon kansa suuri kokoelma ynikki\u00e4 ja histuurista materiaalia. Met jokka olem\u00e4 t\u00f6iss\u00e4 kirjastossa autama sinua mielelh\u00e4\u00e4ns l\u00f6yth\u00e4\u00e4n mit\u00e4 sie haet.&nbsp; Lainaa ja laajaa alle [&hellip;]","og_url":"https:\/\/musikochteaterbiblioteket.se\/","og_site_name":"Musik- och Teaterbiblioteket","article_modified_time":"2024-11-04T08:44:51+00:00","twitter_card":"summary_large_image","twitter_misc":{"Est. reading time":"2 minutes"},"schema":{"@context":"https:\/\/schema.org","@graph":[{"@type":"WebPage","@id":"https:\/\/musikochteaterbiblioteket.se\/","url":"https:\/\/musikochteaterbiblioteket.se\/","name":"Musikki- ja teatterikirjastosta \/ Musik- och teaterbiblioteket - Musik- och Teaterbiblioteket","isPartOf":{"@id":"https:\/\/musikochteaterbiblioteket.se\/#website"},"datePublished":"2024-02-28T12:17:30+00:00","dateModified":"2024-11-04T08:44:51+00:00","breadcrumb":{"@id":"https:\/\/musikochteaterbiblioteket.se\/#breadcrumb"},"inLanguage":"fit","potentialAction":[{"@type":"ReadAction","target":["https:\/\/musikochteaterbiblioteket.se\/"]}]},{"@type":"BreadcrumbList","@id":"https:\/\/musikochteaterbiblioteket.se\/#breadcrumb","itemListElement":[{"@type":"ListItem","position":1,"name":"Home","item":"https:\/\/musikochteaterbiblioteket.se\/"},{"@type":"ListItem","position":2,"name":"Musikki- ja teatterikirjastosta \/ Musik- och teaterbiblioteket"}]},{"@type":"WebSite","@id":"https:\/\/musikochteaterbiblioteket.se\/#website","url":"https:\/\/musikochteaterbiblioteket.se\/","name":"Musik- och Teaterbiblioteket","description":"","potentialAction":[{"@type":"SearchAction","target":{"@type":"EntryPoint","urlTemplate":"https:\/\/musikochteaterbiblioteket.se\/?s={search_term_string}"},"query-input":{"@type":"PropertyValueSpecification","valueRequired":true,"valueName":"search_term_string"}}],"inLanguage":"fit"}]}},"_links":{"self":[{"href":"https:\/\/musikochteaterbiblioteket.se\/fit\/wp-json\/wp\/v2\/pages\/410","targetHints":{"allow":["GET"]}}],"collection":[{"href":"https:\/\/musikochteaterbiblioteket.se\/fit\/wp-json\/wp\/v2\/pages"}],"about":[{"href":"https:\/\/musikochteaterbiblioteket.se\/fit\/wp-json\/wp\/v2\/types\/page"}],"author":[{"embeddable":true,"href":"https:\/\/musikochteaterbiblioteket.se\/fit\/wp-json\/wp\/v2\/users\/2"}],"replies":[{"embeddable":true,"href":"https:\/\/musikochteaterbiblioteket.se\/fit\/wp-json\/wp\/v2\/comments?post=410"}],"version-history":[{"count":3,"href":"https:\/\/musikochteaterbiblioteket.se\/fit\/wp-json\/wp\/v2\/pages\/410\/revisions"}],"predecessor-version":[{"id":413,"href":"https:\/\/musikochteaterbiblioteket.se\/fit\/wp-json\/wp\/v2\/pages\/410\/revisions\/413"}],"wp:attachment":[{"href":"https:\/\/musikochteaterbiblioteket.se\/fit\/wp-json\/wp\/v2\/media?parent=410"}],"curies":[{"name":"wp","href":"https:\/\/api.w.org\/{rel}","templated":true}]}}